 u?
2
Let d be (-2 - (-1)/1)/(2/(-264)). Let q = d - 18. List the prime factors of q.
2, 3, 19
Let z(c) = -74*c**3 - 3*c**2 + 4*c + 7. What are the prime factors of z(-2)?
3, 193
Suppose 2*j - 9449 = -5*o, -j - 15 = 4*j. List the prime factors of o.
31, 61
Let o(k) = 17*k**2 - 35*k - 180. List the prime factors of o(-7).
2, 449
Let v = -755 + 1220. Let k = v + -263. List the prime factors of k.
2, 101
Suppose 8*v + 7*v - 28860 = 0. List the prime factors of v.
2, 13, 37
Suppose 5*j - 5*i = 40, -3*j - 4 = 6*i - 2*i. Suppose j*f - 602 - 226 = 0. List the prime factors of f.
3, 23
Suppose 9*n - 2111 - 3082 = 0. List the prime factors of n.
577
Let j be (-2)/4 + (-172)/8. Let c = -25 - j. List the prime factors of (12 - 0)/(c/(-8)).
2
Let l(p) = p**3 + 9*p**2 + 8*p - 63. List the prime factors of l(10).
3, 71
Suppose 7 = 3*a - 5. Suppose 0 = -3*j + a*s + 43, -4*j + 4*s = j - 85. Let q = j + 0. What are the prime factors of q?
3, 7
Let d(w) be the second derivative of -w**4/12 + 5*w**3/2 + w**2 + 12*w. What are the prime factors of d(13)?
2, 7
Let u(t) = -3*t + 58. Let s(p) = -p**3 + 8*p**2 - 8*p - 2. Let y be s(7). What are the prime factors of u(y)?
5, 17
What are the prime factors of (5 - -774)*-1*(1 - 2)?
19, 41
Let n be 10929/33 - (-5)/((-110)/4). Suppose 0 = 3*l - n + 28. List the prime factors of l.
101
What are the prime factors of 1/16 + 106317/48?
5, 443
Suppose 2*x + 6 = -x. Let j be x + 5 - 2/(-2). Suppose -r + 5*o + 37 = 0, -50 = -3*r + r + j*o. List the prime factors of r.
17
Suppose 3*y - 8 = 1. Let l be y - (-1)/(-3)*0. Suppose 2*d = l*g + 20, -2*g = 5 - 13. List the prime factors of d.
2
Let h(b) = -b - 14. Let y(a) = 2*a**2 + 17*a + 10. Let w be y(-7). Let x be h(w). List the prime factors of 2 - 5 - 126/x.
3, 13
Let z(j) = -7*j**2 - 6*j + 14. Let u be z(4). List the prime factors of (-3)/2*u/(-6)*-2.
61
Suppose 0*t + 3936 = 8*t. List the prime factors of t.
2, 3, 41
Let h(m) = -2*m**3 + m**2 - 5*m + 1. Let y be 6/(-2) - (-1 + (-9)/(-3)). What are the prime factors of h(y)?
7, 43
Let m be (10/(-4))/5 + (-22)/(-4). What are the prime factors of (m - -192*1) + 1?
2, 3, 11
Suppose -2*x - 4 = 2*x - 4*f, -4*x - 3*f + 17 = 0. Suppose -x = 2*c - 10. Suppose j = 2*q + 5*j - 18, q = -c*j + 13. What are the prime factors of q?
5
Let u = 2929 - -77. List the prime factors of u.
2, 3, 167
Let g = 962 + -457. List the prime factors of g.
5, 101
Suppose 3*z = -0*z - 6, -o + 3118 = 2*z. List the prime factors of o.
2, 7, 223
Suppose -4*l = 4*q - 100, -3*q + 3*l = l - 50. What are the prime factors of q?
2, 5
Let u = -71 - -164. Suppose 4*y - u = 131. What are the prime factors of y?
2, 7
Suppose -2850 = -0*w - 6*w. Suppose -w = -9*u + 4*u. Let l = u - 57. What are the prime factors of l?
2, 19
Let k(x) = x**2 + x. Let a(d) = 9*d**2 + 6*d - 1. Let h(n) = a(n) - 5*k(n). List the prime factors of h(-3).
2
Suppose -10*g + 86 = -194. What are the prime factors of g?
2, 7
Let m(h) = 4*h**3 - 25*h**2 - h - 10. List the prime factors of m(7).
2, 5, 13
Let d = 1398 - 643. List the prime factors of d.
5, 151
Let g be 2 + (-3 - (0 + 173)). Let z = g - -265. List the prime factors of z.
7, 13
Let b = 13 + -7. Let q be 16/(2 - b - -6). Let t(k) = 5*k - 12. List the prime factors of t(q).
2, 7
Let u = 16 + -16. Let a(v) = 7*v**2 + 7*v - 1. Let i(t) = 8*t**2 + 8*t - 2. Let y(c) = 7*a(c) - 6*i(c). List the prime factors of y(u).
5
Let a be (2 - 4) + 5 + 0. Suppose -125 = 8*t - a*t. Let f = 47 + t. List the prime factors of f.
2, 11
Let p(n) = 3*n**2 + 6*n + 5. Let u = 21 - 24. List the prime factors of p(u).
2, 7
Suppose 0 = 42*v - 50*v + 4608. List the prime factors of v.
2, 3
Suppose -3*u + 4*j + 1708 = u, 3*u = -3*j + 1299. Suppose 4*r + 0*r = 5*h + 548, 0 = -4*h - r - u. What are the prime factors of 9/21 - h/42?
3
Suppose -12*z = -15*z. Suppose -f - j + 116 = z, f + 2*f = -2*j + 353. What are the prime factors of f?
11
Let b(l) = 1. Let g(j) = -10*j + 20. Let x(a) = 12*b(a) - g(a). Let t be x(6). Suppose -t = 2*w - 4*w. List the prime factors of w.
2, 13
Let b(c) = -c**3 - 3*c**2 + 3*c - 5. Let m be b(-4). Let v(z) = -23*z + 2. Let y be v(m). Let l = y - 15. What are the prime factors of l?
2, 5
List the prime factors of 3036/5 - 1 - (-9)/(-45).
2, 3, 101
Let u(w) = 11*w + 534. What are the prime factors of u(-22)?
2, 73
Let d(u) be the second derivative of u**7/2520 - u**6/72 + u**5/30 - u**4/6 - 2*u. Let l(q) be the third derivative of d(q). List the prime factors of l(10).
2
Let d(w) = 4*w + 2. Let f be d(14). Let h be 3 + -2 + (f - 2). Suppose a - 2*k + h = 2*a, -a + 54 = k. What are the prime factors of a?
3, 17
Suppose 422 = 8*l - 7*l. Let d = l - 290. What are the prime factors of d?
2, 3, 11
Suppose 7 = 5*t - 18. Suppose -5*x = -t*f - 10, 3*f + 2 = 2*x - 0*x. Suppose -f = -r + 7. List the prime factors of r.
3
Suppose -3*s + 506 = 4*n, -3*n = -n - 5*s - 240. Let y = n + -53. What are the prime factors of y?
2, 3
Suppose -3*l = 5*n - 26, 23 = 5*n + 2*l + 2*l. Let v = 13 - n. List the prime factors of v.
2, 3
Suppose 15 = 5*v, 7*g + 2*v - 791 = 6*g. List the prime factors of g.
5, 157
Suppose -12 = -r - 11. List the prime factors of -56*r/(-2) - -2.
2, 3, 5
Let u = -78 + 82. Suppose -5*l + 334 = -u*b, 4*l + l = -3*b + 362. What are the prime factors of l?
2, 5, 7
Let r be 17/6 + 11/66. What are the prime factors of 18 - 1 - (0 + r)?
2, 7
List the prime factors of 21/(-14) - (-325)/2.
7, 23
Suppose -m + 11 = -7. Suppose -m*g + 2222 = -7*g. List the prime factors of g.
2, 101
Let b(r) = 15*r - 16. Let x be b(20). Let f = -164 + x. List the prime factors of f.
2, 3, 5
Suppose 4*j - 5*j + 2*x + 2989 = 0, -4*j + 11956 = 2*x. What are the prime factors of j?
7, 61
Let n(a) = 5*a**3 - 2*a**2 - 3*a - 2. List the prime factors of n(3).
2, 53
Suppose -210 = -4*q + 26. Let c = 142 - q. What are the prime factors of c?
83
Suppose 4986 = 24*d - 19326. List the prime factors of d.
1013
Let a(s) = -2*s**2 - s + 3. Let r be a(0). Let z = -36 - -73. List the prime factors of (-6 - (-6 + r)) + z.
2, 17
Suppose 5*s + 5778 - 26360 = 2*c, -3*c - 8235 = -2*s. What are the prime factors of s?
2, 3, 7
List the prime factors of -4 + 564 - (-1 - 2/(-2)).
2, 5, 7
Suppose -7*g = -10*g. Suppose 19*q - 14*q - 1015 = g. What are the prime factors of q?
7, 29
Let k(w) be the third derivative of -25*w**4/24 - 5*w**3/3 + 16*w**2. What are the prime factors of k(-4)?
2, 3, 5
Suppose -5*z = -5*b - 3460, 2*z - 689 = -4*b + 689. What are the prime factors of z?
691
Let x = 6 - 11. Let f(a) = -a**3 - 5*a**2 - 6*a - 7. Let v be f(x). Suppose -y + 2*y = v. List the prime factors of y.
23
Suppose 4*u + u - 40 = 0. Let c = u + 4. Suppose y + c = 32. What are the prime factors of y?
2, 5
Let w = -59 + 62. Suppose 230 = 4*o + 2*b, 5*b = -w*o + 5*o - 145. List the prime factors of o.
2, 3, 5
Suppose -2*a = -5*d - 92, 4 = 3*a + a. Let p be -4 - -5 - -1 - (1 - 17). Let h = p - d. List the prime factors of h.
2, 3
Suppose 15*r + 2*r = 22712. What are the prime factors of r?
2, 167
Let m = -171 - -286. List the prime factors of m.
5, 23
Let w(l) = -l**3 - 10*l**2 - 8*l - 17. Let t(d) = d - 1. Let k(j) = 4*t(j) - w(j). Let x be k(-9). Let q = 14 - x. What are the prime factors of q?
2, 7
Let o be 10*(662/20 - (-18)/(-30)). Suppose 4*x = 4*r - 724, 5*x + 404 + o = 4*r. What are the prime factors of r?
2, 11
Let r be (-6)/9 + (-1 - (-259)/(-3)). Let m = 159 + r. List the prime factors of m.
71
Suppose 40*t - 10594 - 14366 = 0. List the prime factors of t.
2, 3, 13
Let l(c) = 4*c**3 - 4*c**2 + 11*c - 7. List the prime factors of l(3).
2, 7
Suppose -2*w + 3 = s - 3*w, 3*w = 2*s - 6. Suppose -130 = -s*q - 2*x, 0 = -2*x - 0 + 4. Suppose 15 = 3*r - q. What are the prime factors of r?
19
List the prime factors of 15/((-11250)/1880 + 6).
2, 5, 47
Let y = 1 - 1. Suppose y = -5*l - t + 415, 3*l - 261 = -2*t - t. List the prime factors of l.
2, 41
Let n(m) = 90*m + 664. What are the prime factors of n(30)?
2, 29
Suppose -4105 - 5121 = -14*i. What are the prime factors of i?
659
Suppose 2*k = -t + 2463, 5*k - 6156 = -13*t + 9*t. List the prime factors of k.
2, 7, 11
Suppose -60 = -3*r - 33. List the prime factors of r.
3
Let h(w) = -370*w + 23. List the prime factors of h(-5).
1873
Suppose -4*f + 17*s + 7492